*n**2 + 52*n - 1437. Determine m(-72).
3
Let k(j) = -404*j + 2918. Calculate k(7).
90
Let z(x) = 764*x - 3810. What is z(5)?
10
Let l(p) = -p**3 + 51*p**2 + 102*p + 80. Give l(53).
-132
Let u(q) = -3*q - 99. Calculate u(-27).
-18
Let l(j) = 3*j + 51. Determine l(-16).
3
Let s(f) = -6*f**3 - 30*f - 29. What is s(-1)?
7
Let v(t) = 13*t**2 - 7*t + 14. Calculate v(-4).
250
Let q(p) = 5*p**3 + 11*p**2 - 6*p - 18. Determine q(-5).
-338
Let f(h) = 668*h + 34072. Calculate f(-51).
4
Let a(z) = -2*z**3 - 25*z**2 - 51*z + 16. Give a(-9).
-92
Let z(h) = h**2 - 89*h - 8937. Calculate z(-60).
3
Let z(w) = 63*w + 2339. Give z(-36).
71
Let i(t) = -5*t**2 - 72*t + 564. What is i(-20)?
4
Let k(f) = f**3 - 7*f**2 - 16. Determine k(5).
-66
Let g(h) = 39*h + 192. Determine g(-5).
-3
Let a(j) = j**3 + 47*j**2 + 122*j - 455. Determine a(-44).
-15
Let q(x) = -6*x**3 - 4*x**2 - 137*x - 538. Determine q(-4).
330
Let w(x) = -x**3 + 88*x**2 + 93*x - 353. What is w(89)?
3
Let c(a) = -14*a**2 - 68*a + 258. Determine c(3).
-72
Let d(s) = 2*s**2 - 3*s - 257. Give d(12).
-5
Let q(y) = -y**3 - 9*y**2 + 110*y + 1. What is q(7)?
-13
Let z(v) = 1722*v - 17274. Determine z(10).
-54
Let y(r) = -38*r**3 - 3*r**2 + 2*r - 2. Calculate y(1).
-41
Let u(s) = s**3 - 18*s**2 - 20. Give u(0).
-20
Let f(s) = -3*s**3 + 21*s**2 - 92*s + 638. Calculate f(7).
-6
Let i(x) = -x**3 - 6*x**2 + 13*x + 82. Determine i(-6).
4
Let j(o) = 15*o**2 + 2548*o - 338. Determine j(-170).
2
Let c(f) = f**3 + 2208*f**2 + 19791*f + 6. What is c(-9)?
6
Let x(l) = 2*l**2 - 39*l + 110. What is x(19)?
91
Let u(t) = t**3 - t**2 + 6*t + 10. What is u(3)?
46
Let a(u) = u**3 + 37*u**2 - 167*u - 117. Give a(-41).
6
Let h(o) = o**2 + 48*o + 244. Give h(-42).
-8
Let j(h) = -h**3 + 5*h**2 + 33*h - 18. Calculate j(7).
115
Let n(o) = o**3 + 8*o**2 - 679*o - 8328. Calculate n(-14).
2
Let w(g) = -g**3 - 19*g**2 + 15*g + 58. Calculate w(0).
58
Let f(h) = 289*h - 3822. Determine f(13).
-65
Let d(w) = 155*w - 972. What is d(7)?
113
Let f(w) = -13*w**2 + 185*w - 44. Calculate f(14).
-2
Let z(l) = 27*l**2 + 40*l - 41. Determine z(1).
26
Let x(j) = j**3 - 9*j**2 - 28*j - 1. Calculate x(12).
95
Let y(q) = 115*q - 8286. Give y(72).
-6
Let w(r) = r**3 + 5*r**2 - 9*r + 29. Calculate w(-6).
47
Let t(m) = 4*m**3 - 34*m**2 - 20*m - 1. Determine t(9).
-19
Let l(c) = c**2 + 28*c - 314. Give l(-37).
19
Let s(b) = -2*b**3 + 3*b**2 + 60*b - 38. Calculate s(6).
-2
Let k(g) = -25*g + 934. Calculate k(37).
9
Let k(w) = 12*w**2 - 23*w + 39. Determine k(3).
78
Let m(x) = -44*x**2 + 2*x + 6. Determine m(-2).
-174
Let g(s) = s**2 + 135*s - 3461. Calculate g(22).
-7
Let i(p) = -121*p + 536. Determine i(5).
-69
Let i(d) = d**3 - 12*d**2 + 24*d - 6. Give i(11).
137
Let b(n) = -37*n - 375. Determine b(-11).
32
Let x(y) = -49*y + 286. Calculate x(-15).
1021
Let h(z) = -4*z**2 + 75*z + 22. Calculate h(19).
3
Let d(s) = 47*s - 23. What is d(4)?
165
Let r(h) = 2531*h + 2507. What is r(-1)?
-24
Let g(y) = -40*y**2 + 471*y - 51. What is g(12)?
-159
Let b(f) = f**3 + 8*f**2 - 2*f - 33. Calculate b(-8).
-17
Let i(r) = -9*r + 392. Calculate i(30).
122
Let b(s) = -3*s**3 - 275*s**2 - 174*s - 25. What is b(-91)?
-753
Let s(q) = -10*q**2 - 102*q - 13. Give s(-10).
7
Let k(p) = -p**2 + 49*p + 969. Determine k(50).
919
Let b(i) = -i**2 - 38*i - 297. Determine b(-35).
-192
Let p(z) = -27*z**2 - 654*z + 11. What is p(-25)?
-514
Let g(n) = -2*n**3 - 15*n**2 + n + 52. Calculate g(-8).
108
Let n(z) = z**3 + 9*z**2 - 22*z - 70. Determine n(-6).
170
Let g(l) = -l**3 + 5*l**2 + 17*l - 33. Determine g(7).
-12
Let t(m) = -m**2 + 65*m - 989. What is t(25)?
11
Let b(l) = l**2 - 49*l + 236. Give b(43).
-22
Let u(i) = -i**3 - 122*i**2 - 1114*i + 731. Give u(-112).
59
Let z(y) = 310*y + 40916. What is z(-132)?
-4
Let n(y) = -y**2 - 168*y - 4659. Determine n(-35).
-4
Let y(g) = 23*g**2 + 23*g + 103. Give y(-6).
793
Let l(v) = -v**2 + 122*v - 1024. Give l(8).
-112
Let d(j) = -1313*j + 182501. What is d(139)?
-6
Let p(k) = -5*k**3 + 10*k - 8. Determine p(2).
-28
Let z(p) = 44*p + 297. Give z(-12).
-231
Let i(a) = -7*a**2 - 352*a + 1095. What is i(3)?
-24
Let i(d) = -d**2 + 3368*d - 30235. Determine i(9).
-4
Let m(f) = 2*f**2 + 85*f + 130. Determine m(-41).
7
Let y(b) = 4*b**2 + 33*b + 146. Calculate y(-4).
78
Let v(w) = 101*w**3 + 808*w**2 - 2*w - 8. Give v(-8).
8
Let f(w) = -35*w**2 - 423*w + 13. Determine f(-12).
49
Let z(x) = 2*x**3 + 11*x**2 + 155*x + 454. What is z(-3)?
34
Let l(k) = k**3 - 25*k**2 + 11*k + 704. Determine l(23).
-101
Let c(t) = t**3 + 9*t**2 - 26*t - 282. Calculate c(-8).
-10
Let x(v) = 135*v - 5537. Calculate x(41).
-2
Let b(f) = 83*f**2 + 37179*f - 2241. What is b(-448)?
-1
Let v(q) = 11*q**2 + 93*q + 200. Give v(-4).
4
Let i(r) = 2*r**3 - 3*r**2 - 22*r + 4. Determine i(0).
4
Let v(x) = 5*x**3 + 26*x**2 + 11*x - 18. What is v(-5)?
-48
Let b(y) = 148*y**2 + 330*y - 2. Determine b(-3).
340
Let c(k) = -k**3 - 67*k**2 - 69*k - 208. Calculate c(-66).
-10
Let x(f) = f**3 - 21*f**2 - 20*f - 22. Determine x(22).
22
Let x(o) = -17*o**2 + 541*o + 78. What is x(32)?
-18
Let f(z) = -z**2 + 53*z - 695. What is f(27)?
7
Let b(h) = 5*h**2 + 23*h + 53. What is b(-2)?
27
Let b(t) = -t**2 - 8*t + 111. Determine b(12).
-129
Let d(n) = n**3 + 7*n**2 - 26*n + 41. Calculate d(-10).
1
Let n(i) = 8*i**3 + 73*i**2 + 14*i + 1. Determine n(-9).
-44
Let i(c) = -14*c**3 - 6*c + 19. What is i(2)?
-105
Let x(s) = -3*s**2 - 100*s + 116. Give x(-33).
149
Let c(d) = -85*d - 161. Determine c(-2).
9
Let r(c) = 22*c**2 + 753*c + 67. What is r(-34)?
-103
Let y(v) = 16*v**2 + 133*v + 1. Determine y(-7).
-146
Let f(p) = -29*p + 362. Calculate f(12).
14
Let p(x) = -27*x**3 + 82*x**2 - 766*x + 2290. Determine p(3).
1
Let p(o) = 38*o**2 + 228*o - 25. Determine p(-6).
-25
Let w(j) = -10*j - 350. Give w(-56).
210
Let h(m) = m**3 - 7*m**2 - 67*m + 401. Calculate h(9).
-40
Let t(c) = c**2 - 56*c - 451. Give t(-7).
-10
Let j(m) = 3*m**2 - 86. Calculate j(5).
-11
Let i(a) = a**2 + 15*a - 1135. What is i(-42)?
-1
Let l(d) = 23*d**2 - 78*d + 53. What is l(5)?
238
Let u(f) = 3*f**3 - 2*f**2 - 11*f - 12. Calculate u(5).
258
Let p(k) = 6*k**3 + 34*k**2 + 19*k - 1. Give p(-5).
4
Let c(x) = -3*x**2 + 36*x + 328. What is c(-11)?
-431
Let o(t) = -110*t + 6849. What is o(62)?
29
Let z(f) = f**2 + 119*f + 2227. Give z(-24).
-53
Let j(v) = -26*v + 193. Calculate j(5).
63
Let u(i) = -502*i + 508. What is u(1)?
6
Let p(h) = -19*h - 54. Calculate p(-4).
22
Let w(l) = 31*l - 1204. Calculate w(39).
5
Let q(m) = -m**3 + 14*m**2 + 25*m + 98. Calculate q(16).
-14
Let d(h) = 157*h + 12819. Determine d(-82).
-55
Let u(f) = -3*f**2 - 10*f + 19. Calculate u(3).
-38
Let k(y) = y**3 + 10*y**2 - 4*y + 234. Calculate k(-12).
-6
Let i(q) = -6*q**3 - 37*q**2 + 29*q - 15. Calculate i(-7).
27
Let m(r) = -18*r**2 + 2*r - 162. What is m(0)?
-162
Let v(w) = 4*w + 7. Give v(6).
31
Let y(i) = -1426*i + 5657. Determine y(4).
-47
Let g(n) = -13*n + 364. Calculate g(29).
-13
Let o(m) = 118*m - 31. Calculate o(2).
205
Let p(l) = -l**2 + 56*l - 440. Give p(36).
280
Let v(j) = -19*j**3 + 5*j**2 - 6*j + 1. Give v(3).
-485
Let l(h) = 159*h - 1580. Calculate l(10).
10
Let u(r) = -82*r**2 - 1070*r - 38. Calculate u(-13).
14
Let x(h) = 17*h + 329. What is x(-18)?
23
Let d(v) = -v**2 - 56*v + 813. Calculate d(-68).
-3
Let f(p) = -5*p**2 + 25*p + 10. Determine f(7).
-60
Let q(m) = -8*m**2 + 16*m + 26. Determine q(-1).
2
Let i(z) = z**2 - 36*z + 186. What is i(16)?
-134
Let f(s) = s**3 - 48*s**2 + 99*s - 17. Calculate f(2).
-3
Let h(i) = 257*i + 1800. Give h(-7).
1
Let n(z) = -76*z**2 + 16*z - 14. What is n(1)?
-74
Let z(u) = 4*u**2 + 17*u - 17. Determine z(2).
33
Let d(l) = 10*l**2 + 431*l + 2533. Determine d(-7).
6
Let f(g) = 19*g**2 + 23*g - 22. Give f(1).
20
Let h(s) = -45*s**2 - 269*s + 13. Calculate h(-6).
7
Let n(y) = 1188*y + 5917. Give n(-5).
-23
Let i(a) = -3*a**2 + 33*a + 832. Give i(-12).
4
Let z(l) = -16*l + 108. What is z(12)?
-84
Let s(m) = -117*m**3 + 9*m - 10. Determine s(1).
-118
Let w(z) = z**3 + 7*z**2 + 169*z + 989. Calculate w(-6).
11
Let c(r) = -13*r + 627. What is c(51)?
-36
Let h(p) = -6*p**3 + 8*p**2 - 10*p - 38. Give h(4).
-334
Let h(q) = -q**3 - 3*q**2 + 29*q + 5. Give h(-6).
-61
Let d(j) = -20*j**2 - 276*j + 276. Determine d(1).
